 what is -12 + -5?
-20
In base 11, what is -5376 + -1?
-5377
In base 11, what is 15 + 101?
116
In base 3, what is -12221212 - 12?
-12222001
In base 6, what is -234 + -4?
-242
In base 4, what is 3 + 21313?
21322
In base 6, what is 2342 + -3?
2335
In base 6, what is 5 - 1423?
-1414
In base 10, what is -3 + -935?
-938
In base 3, what is 1011 + 10?
1021
In base 16, what is -3 - -56d?
56a
In base 14, what is -219 + 2?
-217
In base 16, what is -a - 135?
-13f
In base 12, what is 218 - -4?
220
In base 6, what is -30 - -2215?
2145
In base 10, what is -46 + -90?
-136
In base 15, what is -5 + -181c?
-1822
In base 15, what is 6aa + -1?
6a9
In base 15, what is d + 4b?
59
In base 14, what is 6c - 4?
68
In base 12, what is 13a6 - -4?
13aa
In base 9, what is 48107 - 1?
48106
In base 14, what is -321 + -2?
-323
In base 4, what is 2200 - -11?
2211
In base 15, what is -66 - -51?
-15
In base 2, what is -1 + -111101?
-111110
In base 13, what is 0 + -1220?
-1220
In base 14, what is 2 + 1767?
1769
In base 7, what is -4 + -113?
-120
In base 16, what is -1a + 1c?
2
In base 10, what is 731 + 2?
733
In base 7, what is -13 - -1?
-12
In base 15, what is -7 - -c6?
be
In base 4, what is -11 + 2?
-3
In base 7, what is 4 - -216?
223
In base 3, what is -202 - 112?
-1021
In base 8, what is -25 - 501?
-526
In base 6, what is 22 - -3?
25
In base 16, what is 0 + -1260?
-1260
In base 8, what is 3 + 1301?
1304
In base 15, what is -4b - 181?
-1cc
In base 13, what is 28 + 2?
2a
In base 6, what is 0 - -4525?
4525
In base 4, what is 12 - 12?
0
In base 8, what is 145 + -2?
143
In base 5, what is 40 - 123?
-33
In base 15, what is 3e + -54?
-15
In base 4, what is 202 + -1?
201
In base 13, what is -5 + 20?
18
In base 14, what is -38 + 1c0?
186
In base 8, what is 3 - 273?
-270
In base 6, what is -4 - 1122?
-1130
In base 14, what is 82 - 2?
80
In base 6, what is 2 + -1103?
-1101
In base 12, what is -2 + 17?
15
In base 7, what is 4 + -253?
-246
In base 10, what is -3 - -20?
17
In base 7, what is 24560 - -1?
24561
In base 5, what is -32022 + 13?
-32004
In base 2, what is -11011 - 0?
-11011
In base 11, what is -44 - -1?
-43
In base 7, what is -130 + 121?
-6
In base 8, what is 167 + -7?
160
In base 7, what is 12 - -420?
432
In base 13, what is -5 + -30c3?
-30c8
In base 12, what is 4 - -17?
1b
In base 7, what is 154 + 10?
164
In base 7, what is -2 - 40?
-42
In base 16, what is 31 - ea?
-b9
In base 12, what is 206 - -3?
209
In base 13, what is 45c + 4?
463
In base 15, what is 7d - 4?
79
In base 14, what is -2 + 4d6?
4d4
In base 7, what is 6 - 164?
-155
In base 15, what is 9e8 + 1?
9e9
In base 6, what is 4 - -531?
535
In base 14, what is -9c - 12?
-b0
In base 8, what is -5 - 165?
-172
In base 4, what is -1 + 231?
230
In base 4, what is 203 - -10?
213
In base 12, what is -634 + 2?
-632
In base 14, what is -252 - b?
-25d
In base 13, what is -9b7 + -4?
-9bb
In base 10, what is -4 + 1055?
1051
In base 13, what is 2 - 211?
-20c
In base 5, what is -2021 + -103?
-2124
In base 16, what is 8 - 24?
-1c
In base 13, what is -66 - -6?
-60
In base 4, what is 0 + -100212?
-100212
In base 12, what is -3 - 3a?
-41
In base 2, what is 11 - 110001?
-101110
In base 9, what is 10 + 137?
147
In base 2, what is 100 + 1000111?
1001011
In base 16, what is -4 - 187?
-18b
In base 4, what is 11 + 32303?
32320
In base 16, what is e - -cb?
d9
In base 8, what is 5 - 1214?
-1207
In base 2, what is -11000101011100 - -1?
-11000101011011
In base 2, what is 11011111001101 - 0?
11011111001101
In base 12, what is -1803 - -4?
-17bb
In base 9, what is 1 + -70?
-68
In base 16, what is 9e7 - 1?
9e6
In base 12, what is 3 + 220?
223
In base 10, what is 5 + -232?
-227
In base 16, what is -c0 - -4?
-bc
In base 6, what is -5 - -2012?
2003
In base 12, what is -9 + -11?
-1a
In base 6, what is -2 - -422?
420
In base 13, what is -19 - 7b8?
-804
In base 14, what is 2b - 121?
-d4
In base 11, what is -4 + -111?
-115
In base 11, what is a25 + -6?
a1a
In base 4, what is 231202 + -2?
231200
In base 9, what is -183 + 57?
-125
In base 2, what is 10 - -11100110110?
11100111000
In base 5, what is -2 + -430?
-432
In base 4, what is -10 + -121202?
-121212
In base 8, what is 4 - 127?
-123
In base 3, what is -2 - -1122?
1120
In base 3, what is 12 - 102101111?
-102101022
In base 5, what is -2411 + -10?
-2421
In base 11, what is -1876 - -3?
-1873
In base 3, what is 1122 - 0?
1122
In base 8, what is -2 + -661?
-663
In base 3, what is -11 - 1011211?
-1011222
In base 4, what is 11 + -1033?
-1022
In base 7, what is -6 + 104?
65
In base 12, what is -5 - 152?
-157
In base 9, what is -3 + -406?
-410
In base 6, what is 2040 + -5?
2031
In base 9, what is -34 + -4?
-38
In base 13, what is 7 + 28?
32
In base 2, what is -1110 - 1000?
-10110
In base 8, what is -2 - 656?
-660
In base 4, what is 203023 - -11?
203100
In base 4, what is -22 - -101032?
101010
In base 16, what is -437 + 0?
-437
In base 11, what is 2 + 99?
a0
In base 10, what is -2094 + 2?
-2092
In base 10, what is -18 - 2?
-20
In base 8, what is 3105 + -4?
3101
In base 6, what is 12 + -15?
-3
In base 8, what is 13 - -377?
412
In base 15, what is -15e + -4?
-163
In base 3, what is -2 + -220200?
-220202
In base 6, what is -22421 - -5?
-22412
In base 10, what is 10 - -4?
14
In base 15, what is 1b31 + -3?
1b2d
In base 4, what is -3 - -110?
101
In base 4, what is 203 - -1030?
1233
In base 5, what is -304 - 1021?
-1330
In base 8, what is 4 + -254?
-250
In base 6, what is 222 - 5?
213
In base 13, what is 3 + -108?
-105
In base 2, what is -100010001100 - 11?
-100010001111
In base 10, what is -5 - -71?
66
In base 7, what is -5 - -1430?
1422
In base 15, what is 2 - 20c?
-20a
In base 4, what is 20 + 201?
221
In base 13, what is c8 - 4?
c4
In base 13, what is -7 - -11?
7
In base 3, what is 22 + 22?
121
In base 12, what is 1482 - -4?
1486
In base 15, what is 3 - 12dc?
-12d9
In base 7, what is 1 - 352?
-351
In base 11, what is -3 + 393?
390
In base 11, what is -3 + -1430?
-1433
In base 2, what is 0 - 101111100101?
-101111100101
In base 14, what is ac1 - -a?
acb
In base 2, what is 1011111 - -11?
1100010
In base 12, what is 7 - 584?
-579
In base 12, what is -15 + -2?
-17
In base 16, what is -3 - -ae?
ab
In base 15, what is -ed + -5?
-103
In base 16, what is -2ee + -2?
-2f0
In base 15, what is -1b92 + -5?
-1b97
In base 12, what is -3 - -67?
64
In base 4, what is -11 - 100?
-111
In base 7, what is 431 + -5?
423
In base 3, what is -2200 - -1?
-2122
In base 13, what is -4 - -219?
215
In base 10, what is -4 + -7?
-11
In base 4, what is -21 + 120?
33
In base 8, what is -34 - -101?
45
In base 14, what is 1 + a?
b
In base 12, what is 0 + 68?
68
In base 8, what is -60 + 7?
-51
In base 3, what is -200012 + 12?
-200000
In base 2, what is 101 + -111111111?
-111111010
In base 12, what is 1 - -155b?
1560
In base 9, what is 3 + -101?
-87
In base 12, what is -3077 - -4?
-3073
In base 7, what is 1 - -31?
32
In base 10, what is 2 + 334?
336
In base 6, what is 2 - -2?
4
In base 5, what is -2131 + -3?
-2134
In base 15, what is -2 + 31?
2e
In base 11, what is -163 - 5?
-168
In base 13, what is 3c + 0?
3c
In base 10, what is 2 - -53?
55
In base 13, what is 89 - 9?
80
In base 10, what is 98 - -2?
100
In base 14, what is c0 + 7?
c7
In base 12, what is -a0 - -1?
-9b
In base 15, what is -84 - -1?
-83
In base 10, what is 2 + -936?
-934
In base 12, what is -4 + -7?
-b
In base 14, what is -114 + -6?
-11a
In base 8, what is 2172 - -3?
2175
In base 13, what is 104 + -2?
102
In base 10, what is 46 - -451?
497
In base 15, what is 4 + 8?
c
In base 7, what is -223 + -4?
-230
In base 13, what is 0 - 261?
-261
In base 5, what is -2 + -123?
-130
In base 5, what is 2102 + 20?
2122
In base 6, what is -5453 + 0?
-5453
In base 9, what is 131 + 22?
153
In base 6, what is -25 + -1311?
-1340
In base 4, what is 112 - -1?
113
In base 3, what is 20200 + -10?
20120
In base 11, what is 180 - 0?
180
In base 6, what is -534 + -11?
-545
In base 16, what is 2 - -24?
26
In base 13, what is 86 - 5?
81
In base 15, what is 137 + -1?
136
In base 8, what is -114 + -3?
-117
In base 16, what is 5a + -4?
56
In base 8, what is 2 + -52?
-50
In base 14, what is 3 - -3a2?
3a5
In base 8, what is -340 + 4?
-334
In base 15, what is 3 - -29?
2c
In base 5, what is -31 - 2?
-33
In base 2, what is -10